 3, 7
What are the prime factors of 64934?
2, 32467
What are the prime factors of 27995?
5, 11, 509
List the prime factors of 406.
2, 7, 29
List the prime factors of 6429.
3, 2143
List the prime factors of 17233.
19, 907
List the prime factors of 12812.
2, 3203
List the prime factors of 81030.
2, 3, 5, 37, 73
List the prime factors of 66.
2, 3, 11
List the prime factors of 3496.
2, 19, 23
What are the prime factors of 1932?
2, 3, 7, 23
What are the prime factors of 84448?
2, 7, 13, 29
List the prime factors of 1222.
2, 13, 47
What are the prime factors of 249?
3, 83
What are the prime factors of 47849?
59, 811
What are the prime factors of 565?
5, 113
What are the prime factors of 34304?
2, 67
What are the prime factors of 147?
3, 7
List the prime factors of 7703.
7703
What are the prime factors of 4154?
2, 31, 67
List the prime factors of 1171.
1171
What are the prime factors of 32867?
23, 1429
List the prime factors of 1237.
1237
List the prime factors of 39036.
2, 3, 3253
List the prime factors of 41295.
3, 5, 2753
List the prime factors of 542.
2, 271
List the prime factors of 25561.
25561
What are the prime factors of 7405?
5, 1481
What are the prime factors of 11855?
5, 2371
What are the prime factors of 7396?
2, 43
What are the prime factors of 11303?
89, 127
List the prime factors of 9555.
3, 5, 7, 13
What are the prime factors of 170?
2, 5, 17
What are the prime factors of 54522?
2, 3, 13, 233
What are the prime factors of 1145?
5, 229
List the prime factors of 7181.
43, 167
What are the prime factors of 92174?
2, 17, 2711
What are the prime factors of 57936?
2, 3, 17, 71
What are the prime factors of 15808?
2, 13, 19
List the prime factors of 10567.
10567
List the prime factors of 266.
2, 7, 19
What are the prime factors of 23262?
2, 3, 3877
What are the prime factors of 86210?
2, 5, 37, 233
What are the prime factors of 3745?
5, 7, 107
List the prime factors of 116106.
2, 3, 37, 523
List the prime factors of 7388.
2, 1847
List the prime factors of 4742.
2, 2371
What are the prime factors of 313?
313
What are the prime factors of 12153?
3, 4051
What are the prime factors of 3601?
13, 277
What are the prime factors of 819?
3, 7, 13
What are the prime factors of 30496?
2, 953
List the prime factors of 8.
2
List the prime factors of 151.
151
List the prime factors of 15398.
2, 7699
What are the prime factors of 27941?
27941
List the prime factors of 141428.
2, 7, 5051
List the prime factors of 1140.
2, 3, 5, 19
What are the prime factors of 7534?
2, 3767
What are the prime factors of 5011?
5011
List the prime factors of 197.
197
List the prime factors of 11055.
3, 5, 11, 67
What are the prime factors of 616?
2, 7, 11
What are the prime factors of 1379?
7, 197
List the prime factors of 7320.
2, 3, 5, 61
List the prime factors of 146980.
2, 5, 7349
What are the prime factors of 1489?
1489
What are the prime factors of 295?
5, 59
List the prime factors of 78523.
17, 31, 149
List the prime factors of 651.
3, 7, 31
List the prime factors of 15685.
5, 3137
List the prime factors of 16301.
16301
What are the prime factors of 10265?
5, 2053
List the prime factors of 1339.
13, 103
What are the prime factors of 129706?
2, 64853
What are the prime factors of 1065?
3, 5, 71
List the prime factors of 83.
83
What are the prime factors of 10843?
7, 1549
List the prime factors of 6300.
2, 3, 5, 7
List the prime factors of 444.
2, 3, 37
List the prime factors of 24169.
24169
What are the prime factors of 12901?
7, 19, 97
List the prime factors of 480.
2, 3, 5
What are the prime factors of 45?
3, 5
List the prime factors of 82084.
2, 20521
What are the prime factors of 1202?
2, 601
What are the prime factors of 12978?
2, 3, 7, 103
List the prime factors of 600.
2, 3, 5
List the prime factors of 20953.
23, 911
List the prime factors of 26871.
3, 13, 53
What are the prime factors of 2224?
2, 139
List the prime factors of 15574.
2, 13, 599
What are the prime factors of 3948?
2, 3, 7, 47
What are the prime factors of 1970?
2, 5, 197
What are the prime factors of 9193?
29, 317
What are the prime factors of 37888?
2, 37
List the prime factors of 15757.
7, 2251
List the prime factors of 674.
2, 337
What are the prime factors of 9836?
2, 2459
What are the prime factors of 821?
821
List the prime factors of 79503.
3, 26501
List the prime factors of 9338.
2, 7, 23, 29
What are the prime factors of 543?
3, 181
List the prime factors of 2565.
3, 5, 19
What are the prime factors of 2088?
2, 3, 29
List the prime factors of 638.
2, 11, 29
List the prime factors of 1569.
3, 523
What are the prime factors of 783?
3, 29
List the prime factors of 833.
7, 17
What are the prime factors of 20271?
3, 29, 233
What are the prime factors of 7763?
7, 1109
List the prime factors of 5692.
2, 1423
What are the prime factors of 31465?
5, 7, 29, 31
List the prime factors of 1862.
2, 7, 19
What are the prime factors of 35696?
2, 23, 97
What are the prime factors of 79715?
5, 107, 149
What are the prime factors of 3591?
3, 7, 19
What are the prime factors of 4259?
4259
What are the prime factors of 80932?
2, 20233
What are the prime factors of 91?
7, 13
What are the prime factors of 117895?
5, 17, 19, 73
List the prime factors of 24253.
79, 307
List the prime factors of 212.
2, 53
What are the prime factors of 10747?
11, 977
List the prime factors of 3126.
2, 3, 521
List the prime factors of 2814.
2, 3, 7, 67
What are the prime factors of 3216?
2, 3, 67
What are the prime factors of 25970?
2, 5, 7, 53
What are the prime factors of 2530?
2, 5, 11, 23
List the prime factors of 38105.
5, 7621
List the prime factors of 1608.
2, 3, 67
What are the prime factors of 25781?
7, 29, 127
What are the prime factors of 17954?
2, 47, 191
What are the prime factors of 13503?
3, 7, 643
List the prime factors of 963.
3, 107
List the prime factors of 648.
2, 3
What are the prime factors of 556?
2, 139
What are the prime factors of 23215?
5, 4643
List the prime factors of 10867.
10867
What are the prime factors of 12105?
3, 5, 269
List the prime factors of 12581.
23, 547
List the prime factors of 5348.
2, 7, 191
List the prime factors of 76197.
3, 11, 2309
List the prime factors of 1196.
2, 13, 23
What are the prime factors of 2002?
2, 7, 11, 13
List the prime factors of 2430.
2, 3, 5
What are the prime factors of 19123?
13, 1471
List the prime factors of 16268.
2, 7, 83
What are the prime factors of 7091?
7, 1013
What are the prime factors of 24189?
3, 11, 733
What are the prime factors of 546?
2, 3, 7, 13
What are the prime factors of 775?
5, 31
List the prime factors of 913.
11, 83
What are the prime factors of 76781?
76781
What are the prime factors of 2192?
2, 137
What are the prime factors of 258?
2, 3, 43
What are the prime factors of 1046?
2, 523
What are the prime factors of 83266?
2, 17, 31, 79
List the prime factors of 89461.
137, 653
What are the prime factors of 16867?
101, 167
List the prime factors of 13038.
2, 3, 41, 53
What are the prime factors of 4648?
2, 7, 83
List the prime factors of 3024.
2, 3, 7
List the prime factors of 9246.
2, 3, 23, 67
List the prime factors of 9219.
3, 7, 439
What are the prime factors of 11526?
2, 3, 17, 113
What are the prime factors of 108075?
3, 5, 11, 131
What are the prime factors of 71717?
29, 2473
What are the prime factors of 1421?
7, 29
What are the prime factors of 2581?
29, 89
What are the prime factors of 18407?
79, 233
What are the prime factors of 26550?
2, 3, 5, 59
List the prime factors of 4437.
3, 17, 29
What are the prime factors of 6954?
2, 3, 19, 61
What are the prime factors of 1071?
3, 7, 17
What are the prime factors of 4213?
11, 383
What are the prime factors of 1385?
5, 277
List the prime factors of 1218.
2, 3, 7, 29
What are the prime factors of 846?
2, 3, 47
What are the prime factors of 1041?
3, 347
What are the prime factors of 1372?
2, 7
List the prime factors of 1224.
2, 3, 17
What are the prime factors of 11221?
7, 229
List the prime factors of 79930.
2, 5, 7993
What are the prime factors of 907?
907
List the prime factors of 13306.
2, 6653
What are the prime factors of 322?
2, 7, 23
List the prime factors of 1252.
2, 313
List the prime factors of 86671.
13, 59, 113
List the prime factors of 99432.
2, 3, 1381
List the prime